 What are the prime factors of b?
2, 7
Suppose -30 + 15 = 3*q. Let s(m) = 6*m**2 - 9*m - 34. What are the prime factors of s(q)?
7, 23
List the prime factors of 5*(2244/(-10))/(-11).
2, 3, 17
Suppose 2*r - 6 = -4*t, -6*r = -4*r + 6. Suppose 6 = 3*j, 2*g = 6*j - t*j + 122. What are the prime factors of g?
2
Let h = 1084 - -1868. What are the prime factors of h?
2, 3, 41
Let l be (-6 - -7)/(1/3). Let h be (-4)/(l + (-164)/54). Suppose 0*n = 6*n - h. List the prime factors of n.
2, 3
Let x be -3 + 8 - (-1 + 0/1). Suppose -130 = -2*m + 116. Suppose x*w - 9*w = -m. What are the prime factors of w?
41
Let f(v) = -5*v**3 - 9*v**2 + 2*v + 8. Let z(u) = u**3 + u. Let h(g) = f(g) + 6*z(g). Let y(t) = t**2 - 1. Let c be y(-3). What are the prime factors of h(c)?
2
Let q(h) be the second derivative of h**5/20 - 2*h**4/3 - 3*h**3 - 7*h**2/2 - 6*h. What are the prime factors of q(10)?
13
Let s be 13/3 + 4/6. Suppose 4*w = -9 + 1. What are the prime factors of (w/4)/(s/(-30))?
3
Let w = 2 - 2. Let l be (w - -3) + -6 + 60. Suppose -4*z + 15 = -l. List the prime factors of z.
2, 3
Suppose 22*l - 5634 = 9898. What are the prime factors of l?
2, 353
Let l(i) = 7*i - 3*i + 21 - 20. Let f be l(1). Suppose 5*o - 119 = k - 5*k, 4*o - 128 = f*k. List the prime factors of o.
3
Suppose -2*p + 77 = 3*u + 9, 5*u + 3*p - 115 = 0. Suppose u - 153 = -a. List the prime factors of a.
127
Let h = 38 + -4. Let z = 22 + h. What are the prime factors of z?
2, 7
Let o = 1101 + -634. List the prime factors of o.
467
Suppose -5*g + 7*g = -z + 36, 0 = 4*z - 5*g - 209. Suppose -n + k + z = 0, 3*n = 7*n - 5*k - 188. What are the prime factors of n?
2, 3, 7
Suppose 18 + 0 = -v + 4*l, 3*v + 4*l - 26 = 0. Let d(u) = u**3 + 3*u**2 - 2*u - 4. Let w be d(-3). Suppose -v*z - w*z = -88. List the prime factors of z.
2, 11
Let x = 54 - 35. Suppose k + 49 = -4*s, s = -s + 5*k - x. What are the prime factors of (11/(-33))/(2/s)?
2
List the prime factors of (1705 - 414)/(-1 - (-5)/4).
2, 1291
Suppose -1111 - 779 = -7*x. List the prime factors of x.
2, 3, 5
Let n = -776 - -2290. What are the prime factors of n?
2, 757
Let r(j) = -26*j + 35. What are the prime factors of r(-4)?
139
Let w = 377 - 281. What are the prime factors of w?
2, 3
Let p(n) = n**2 + 38*n - 16. Let h be p(-20). Let y = h + 538. List the prime factors of y.
2, 3
What are the prime factors of (-1)/3*(-2645 + -4)?
883
Let m = 59 - 50. Let v(l) = l**3 - 9*l**2 + 5*l - 5. List the prime factors of v(m).
2, 5
Suppose a = 3*k - 7, -4*a + 3*k = -k - 12. What are the prime factors of ((-12)/(-2) + 1)*a?
2, 7
Let z(n) = 5*n - 1. Suppose 4*g = -5*q + 18, -q - 5*g = q - 14. Suppose -q*h - x = -3*x + 4, -20 = -4*x. What are the prime factors of z(h)?
2, 7
Let y(m) = 2*m - 8. Let u be y(7). List the prime factors of 1041/9 + u/(-9).
5, 23
Let p(o) = 124*o - 35. List the prime factors of p(6).
709
Let s = -265 + 264. Suppose -2*w + 1 = j + 3, 2*w - 46 = 3*j. What are the prime factors of (s - -4)*(-292)/j?
73
Let z(n) = -n**2 + 6 + 4 - 9. Let t be z(-1). Suppose t = 5*w - 2*w - 201. List the prime factors of w.
67
Suppose -n = -2*c + 4*n + 297, 2*c - 317 = n. List the prime factors of c.
7, 23
Suppose 3*w = -w + 316. What are the prime factors of 6*10/(-15) + w?
3, 5
Let w(j) be the first derivative of -13*j**2/2 + j - 4. Let a be w(-3). List the prime factors of (7*3)/(24/a).
5, 7
Let y = 74 + -42. Let q(c) = -64 + y + 10*c**2 + c**3 + 31 + 2*c. List the prime factors of q(-9).
2, 31
Suppose -3*b + 0*b = -2*z - 154, -3*b + 5*z + 169 = 0. Suppose 12*o - b = 10*o. List the prime factors of o.
2, 3
Let i = -43 + 46. What are the prime factors of i/(((-28)/(-88))/7)?
2, 3, 11
Let f(k) = 3*k - 2*k + 0*k + 4*k. Let m be f(-8). Let q = m - -56. What are the prime factors of q?
2
Let p = 15 - 12. Suppose p*a - 33 = 294. List the prime factors of a.
109
Let l = 3172 - -679. List the prime factors of l.
3851
Let p(y) = y**2 + 4*y - 6. Suppose -5*t + 11 = k, -12 = -3*k + t + 5. Let r be p(k). Suppose 0 = 5*x - 2*x - r. What are the prime factors of x?
2, 3
What are the prime factors of (-690)/(-4)*(-1800)/(-125)?
2, 3, 23
Suppose 5*b - 9*b = -2*g + 560, -551 = -2*g - 5*b. What are the prime factors of g?
2, 139
Let a(d) = -8*d**3 + 6*d**2 - 7*d + 3. Let r(h) = -7*h**3 + 5*h**2 - 6*h + 4. Let p(u) = -3*a(u) + 4*r(u). What are the prime factors of p(-3)?
2, 71
Suppose -5*p = 5*z - 2935, z - 2*z - 4*p = -599. What are the prime factors of z?
11, 53
Suppose 18 = 21*w - 20*w. Suppose -2*y + 574 + w = 0. List the prime factors of y.
2, 37
What are the prime factors of (-7 - 81731/(-78)) + 1/6?
3, 347
Let i(a) = -a**3 + 76*a**2 + 17*a - 4 - 7 - 61*a**2. Let y be i(16). Suppose 4*t = -4*g + y*g - 53, -2*t = 2. What are the prime factors of g?
7
Suppose 4*d - 4*l - 116 = 0, 2*d + 2*l = 56 - 14. Suppose 2*g + 12 = 3*s + s, -5*g + d = s. List the prime factors of g.
2
What are the prime factors of (112/(-12))/((-5)/120)?
2, 7
Let c(n) = -n - 4. Let y be c(-7). Suppose -1 = -3*j + i, -2*j - j + 3*i = y. List the prime factors of (-8)/(-4) + 9*j.
11
Let p(m) = -175*m - 29. List the prime factors of p(-10).
1721
Let d = -9 + 13. Suppose 5*x - d*f + 5*f = 5, -x + 4*f = 20. Suppose x = -l + 6*l - 215. What are the prime factors of l?
43
Let t = 102 + 149. What are the prime factors of t?
251
Let q(r) = -r**3 + 5*r**2 + 14*r - 12. Let i be q(9). List the prime factors of (-2 - -1)/(6/i).
5, 7
Let s(p) = p - 5. Let w be s(6). Suppose -3*o - w = 11. What are the prime factors of (o*1 - -3)*-15?
3, 5
Let d(q) = -q**2 + 16*q + 1. Let w be d(12). Let h = -18 + w. What are the prime factors of h?
31
Suppose o - 2*l = -5, -5*o - 4 = -l - 24. Suppose 0*k + 38 = 2*k + 5*f, -3*k + 52 = o*f. Let n = k + 5. List the prime factors of n.
19
Let m(d) = 10*d**3 + 19*d**2 + 19*d - 53. List the prime factors of m(6).
5, 7, 83
Let p = 16 - 11. Suppose -x = -p*x + 920. List the prime factors of x.
2, 5, 23
Let v(u) = -3*u + 4 - 5 + 9. List the prime factors of v(0).
2
Let m(z) = -z**3 - 43*z**2 - 47*z + 101. List the prime factors of m(-42).
311
Let r be 2/4 - (-54)/(-4). Suppose 3*t + 96 = 3*n, 0 = -4*n - 2*t + 77 + 27. Let k = r + n. List the prime factors of k.
3, 5
Suppose -3*t - 1 = -13. Let z(l) = 21*l + 11. What are the prime factors of z(t)?
5, 19
Let o(i) = 8*i - 3. Let c be o(3). Let a(j) = -j**2 - 5*j + 2. Let x be a(-6). Let f = c + x. List the prime factors of f.
17
Let k(m) = -m**3 + 5*m**2 - 6*m + 1. Let r be k(4). Suppose -3*y + 132 = -7*y. Let j = r - y. What are the prime factors of j?
2, 13
Suppose 5*h = -3*s - 6, 0 = -2*s - 0*h - 4*h - 6. List the prime factors of s.
3
Suppose -1424*a = -1417*a - 8246. What are the prime factors of a?
2, 19, 31
Suppose 2*r + 4 = 4*r. Suppose r*h = g - 10, 3*h = 3*g - h - 22. Suppose g*k - 27 = 23. List the prime factors of k.
5
Let f be (6/(-8))/((-11)/(-3476)). Let u = -53 - f. What are the prime factors of u?
2, 23
Suppose 104 + 288 = -4*p. Let l = p - -102. What are the prime factors of l?
2
Let y(k) = -79*k - 1. Let x be y(1). Let d = x + 151. What are the prime factors of d?
71
Suppose 0*k - 4*s = 5*k - 2831, 0 = 4*s - 16. What are the prime factors of k?
563
Let q(s) = -34*s - 344. What are the prime factors of q(-15)?
2, 83
Let m(d) = 10*d + 4. Let v be m(-6). Suppose 9 + 97 = -o. Let h = v - o. List the prime factors of h.
2, 5
Let g(u) = u**2 - 9*u - 9. Let v be g(-10). Suppose 0 = 4*x + 3*n - 233, 2*x - n = 5*x - v. List the prime factors of x.
2, 31
Let z(p) = 4*p**3 + p**2 - p - 1. Let l be z(-1). List the prime factors of 552/9 + 1/l.
61
Let l(h) = h**3 + 12*h**2 - 2*h + 5. What are the prime factors of l(-10)?
3, 5
Let k(c) = 27*c**3 - 4*c**2 + 25*c - 16. List the prime factors of k(4).
2, 19, 23
Suppose 4*c + 276 = 60. Let z be (-897)/(-12) - (-1)/4. Let k = z + c. List the prime factors of k.
3, 7
Suppose 0 = 4*s - 2*k - 1 - 1, 0 = -2*s - 3*k + 13. Let x be ((-166)/5)/(s/(-5)). Let p = -57 + x. What are the prime factors of p?
2, 13
Let i(h) = 7*h - 3. Let t = -2 - 12. Let g = 18 + t. What are the prime factors of i(g)?
5
Let m(f) = 8*f**2 + 38*f - 5. List the prime factors of m(-11).
5, 109
Suppose 724*v - 20460 = 720*v. What are the prime factors of v?
3, 5, 11, 31
Let j = 10 + 6. Let q = j - -20. Let y = 30 + q. 